ided by (-16)/(-1) + 12/(-4)?
10
Suppose k = -3*w + 43, 3*k + 0*k + 79 = 4*w. Suppose -10*r - 37 + 187 = 0. Suppose -2*i = -r + 7. Calculate the remainder when w is divided by i.
0
Let t(v) = 3*v**2 - 657*v - 14853. Calculate the remainder when t(-22) is divided by 211.
209
What is the remainder when (-13)/(31500/1659 - 19) is divided by 342?
1
Let z = -2897 + 2966. Calculate the remainder when 896 is divided by z.
68
Let c = -15666 - -15866. What is the remainder when c is divided by 23?
16
Suppose -20 = -0*h - 4*h, 5*p + 3*h = 380. Calculate the remainder when p is divided by -8*1 + (-4 - -49).
36
Let p(n) = 10*n - 39. Let m be p(15). Let u = m - -59. What is the remainder when u is divided by 9?
8
Calculate the remainder when (-30680)/(-18) - (-428)/(-963) is divided by 31.
30
Let g = -36 + 48. Suppose -g = -16*j + 12*j. Suppose -3*h + 3*q + 5 = -q, 0 = -3*h - 2*q + 29. Calculate the remainder when h is divided by j.
1
Let g be (-8)/32 + 117/4. Let w = 44 - g. Suppose -3*r + 19 - 1 = 0. Calculate the remainder when w is divided by r.
3
Let i(m) = -m**3 - m + 2. Suppose 0*x - 150 = -5*x - 4*a, 3*a = 3*x - 90. Calculate the remainder when ((-30)/(-9) + -2)*x is divided by i(-2).
4
Let h = -367 + 371. Suppose h*m = 0, m = -2*d + 5*d - 45. What is the remainder when d is divided by 9?
6
Suppose 0 = 37*r - 30*r - 406. Suppose 24*n - r*n = -3366. Calculate the remainder when n is divided by (26 - 1) + -1 - -2.
21
Let o = 889 + -887. Suppose o*i + 8364 = 14*i. What is the remainder when i is divided by 100?
97
Suppose -2*o + 677 = -5*t, -234*t + 237*t = 3*o - 1011. What is the remainder when o is divided by 13?
11
Let x be (-2)/13 + 7598/377. Suppose -2*n + 288 = x. Suppose -46 + n = 2*b. Calculate the remainder when b is divided by 16.
12
Let o(z) = -z**3 + 68*z**2 - 313*z - 112. Calculate the remainder when 1876 is divided by o(63).
0
Suppose -3*y + 4*s = 2*s - 446, -5*s - 750 = -5*y. Let i be 7125/30 - (-6)/(-12). Let m = i - y. What is the remainder when m is divided by 23?
22
Suppose -1104 - 7968 = -16*l. Calculate the remainder when l is divided by 64.
55
Suppose -60*w + 11440 = -13*w + 57*w. Calculate the remainder when 370 is divided by w.
40
Let n = 2 - -4. Suppose 109 = 11*q - 2*a, -14 - 9 = -q - 2*a. Suppose q*l - 50 = n*l. Calculate the remainder when 97 is divided by l.
7
Suppose 4*g - 910 = 2*y, -5*g - 2*y + 1151 = -0*g. What is the remainder when 2324 is divided by g?
34
Suppose 3*c - 5*a - 4 = 0, -c - 3 + 23 = 3*a. What is the remainder when (98/(-21))/(12/(-342))*(-8)/(-8) is divided by ((-180)/c)/((-1)/2)?
43
Suppose 218*x = 223*x + 255. Calculate the remainder when 357 is divided by (-85)/x*(-27)/(2/(-2)).
42
Suppose -11*l = -20*l + 18. Suppose 48 = 5*b - l*b. Suppose 0 = -3*v - v + 372. Calculate the remainder when v is divided by b.
13
Suppose -4*p = -8, -5*i + 3*p + 81 = p. What is the remainder when 778 is divided by i?
13
Let z be (-4)/(-5) + (-42)/(-10). Let h(d) = 18*d - 9. Let l(b) = -18*b + 8. Let v(w) = z*l(w) + 6*h(w). Calculate the remainder when v(9) is divided by 25.
23
Suppose 5*f + t + 18 = 6*f, -5*f + 74 = 3*t. Let q(g) = -g**3 + 19*g**2 + 12*g + 191. Calculate the remainder when q(20) is divided by f.
15
Let i = 43 + -36. Let a(m) = -12*m - 13*m + 17*m - i. What is the remainder when 44 is divided by a(-3)?
10
Let d(z) = 34*z + 44. Let n be d(9). Let w = -335 + n. What is the remainder when 99 is divided by w?
9
Let j(h) = -11*h - 3. Let g(q) = -q**2 + 122*q + 644. What is the remainder when j(-3) is divided by g(-5)?
3
Suppose -50 = 9*b + 139. What is the remainder when (1398/b)/(4/(-14)) is divided by 13?
12
Let o(w) = 0 - w**3 + 5*w**2 + 3 - 5*w + 9. Let d be (18/4 - 1)*(-552)/(-483). Calculate the remainder when 14 is divided by o(d).
6
Let o be (90/(-35))/((-3)/14). Let g = 17 - o. Suppose 5*j = z + 762, -82 = -3*j - g*z + 392. Calculate the remainder when j is divided by 31.
29
Suppose -127 = l - 129. Suppose 0 = -3*z - 3*r - 246, -l*z - 8*r - 160 = -4*r. Let o = -77 - z. What is the remainder when o is divided by 5?
2
Suppose -2*w + 0 = -36. Suppose 0 = -9*g + 10*g - w. Suppose 0 = -21*x + 3*x + 126. What is the remainder when g is divided by x?
4
Suppose -2*t + t = -18. Suppose 36*c = 40*c - 80. Suppose 0*y - c = -y - 4*u, -5*y + 36 = 4*u. What is the remainder when t is divided by y?
2
Let w = 7 + 6. Let s be 165/66 - (-1110)/4. Suppose -18*j + 10*j + s = 0. What is the remainder when j is divided by w?
9
Suppose -m + 2*m + 2*g = -5, 2*m + g = -1. Let k be m - 1 - (-22 - -7). Let t = 26 - k. What is the remainder when 95 is divided by t?
7
Let l = -11125 - -11324. Calculate the remainder when l is divided by 72.
55
Let i(p) = -p**3 - 8*p**2 - 11*p - 77. Calculate the remainder when 4327 is divided by i(-8).
4
Calculate the remainder when 477 is divided by 66/(-12 - (-325)/26).
81
Let z = -9569 + 10079. What is the remainder when z is divided by 18?
6
Let v(g) = -g**3 - 9*g**2 - 10*g + 10. Let w be v(-8). Let f = w + -25. Suppose q = -4 + 9. What is the remainder when q is divided by f?
0
Let c(z) = 10*z**2 + 3. Let y(a) = -a**3 - 13*a**2 + 28*a + 11. Let q be y(-15). Let h = -25 + q. What is the remainder when c(-3) is divided by h?
13
Suppose -3*w = 5*d - 3, 3*d - d - 2*w = -2. Suppose -j + 22 - 1 = d. Let s = -12590 + 12629. What is the remainder when s is divided by j?
18
Let s(d) = 5*d - 5. Let j = -157 - -166. Suppose 18 = j*k - 18. What is the remainder when s(3) is divided by k?
2
Let k = 10934 + -9640. Calculate the remainder when k is divided by 20.
14
Suppose y - 2*s - 122 = s, -2*y = 3*s - 262. Suppose -5*j - 5*g = -1090, -3*g + y = -2*j + 584. What is the remainder when j is divided by 38?
32
Let u = 1 + 2. Let w be (13 - 23)/(7/(-70)). Suppose 19*l - 9*l - w = 0. Calculate the remainder when l is divided by u.
1
What is the remainder when 873 is divided by 91760/336 + 20 - (-2)/(-21)?
287
Suppose 0*d + 3*d = 15. Suppose 6*b - d*j - 15 = b, -4*j = -16. Let h = -6071 + 6095. What is the remainder when h is divided by b?
3
Suppose 1352 - 1000 = 32*q. Let y be -4*((-2)/(-8) + -1). Suppose y*d - 8 = 4, d = a - 37. What is the remainder when a is divided by q?
8
Suppose 8*x - 15*x + 623 = 0. Suppose 2*n + t = 38, 5*n = -6*t + 5*t + x. What is the remainder when n is divided by ((-18)/(-5))/(6/20)?
5
Let m be ((-1 - 1) + 4)*(1 - -8). Suppose 0 = -53*g + 57*g - 40. Let z = g + m. What is the remainder when z is divided by 15?
13
Suppose -35*a + 21 = -28*a. What is the remainder when 123 is divided by -4 + (a - -6) - -2?
4
Suppose -15*v = 117*v - 13742 + 2126. What is the remainder when 228 is divided by v?
52
Suppose 14*c - 44593 = 12*c - 17*c. What is the remainder when c is divided by 15?
7
Let o = 126 + -110. Suppose 3*h = -h - o, -2*h - 113 = -5*x. Let d = 13 - 7. Calculate the remainder when x is divided by d.
3
Suppose 5*t + 694*z - 1980 = 698*z, -1220 = -3*t - 4*z. Calculate the remainder when t is divided by 78.
10
Let o be 0 - 5/(5 + 0). Let r(h) = -6*h**2 - 3*h + 8. Let f(t) = t**2. Let w(b) = o*r(b) - 5*f(b). What is the remainder when w(4) is divided by 12?
8
Let d = 118 - -63. Let u = 186 - d. What is the remainder when 33 is divided by u?
3
What is the remainder when (-528)/880*(-22520)/6 is divided by 55?
52
Suppose 0 = 7*w - 196 - 0. Suppose -f + 67 = -5*v, -f + 2*v + 2*v = -64. What is the remainder when f is divided by w?
24
Calculate the remainder when 5938 is divided by ((-8)/6 + -2)/((-70)/252).
10
Suppose -20*u + 367 + 413 = 0. Suppose f = -2*p + 32, 2*f = -3*p + u + 8. Calculate the remainder when 38 is divided by p.
4
Let y(b) = -b**3 + 73*b**2 - 758*b - 147. Calculate the remainder when y(21) is divided by 202.
201
Let n be 4/(-18) + 114/27. Suppose n*l - 421 = 5*v, l - 6*l + 536 = -3*v. What is the remainder when l is divided by 1*(22 - (-3 + 3))?
21
Suppose 0 = -11*a + 615 - 3145. Let v = 265 + a. Calculate the remainder when v is divided by 18.
17
Suppose 0 = -3*t + 89 + 22. Let j = 113 + -65. Suppose 3*p = -9 + j. Calculate the remainder when t is divided by p.
11
Let v = 27350 + -26866. Calculate the remainder when v is divided by 31.
19
Let r be 80/6 + (16/(-3) - -4). What is the remainder when (r/(-8))/((-6)/156) is divided by 10?
9
Suppose 8 - 28 = 5*f. Let k(